- (38 - 18 - 9)) + 21?
24
What is -19 + (6 + -5 - (8 - 17 - -13))?
-22
Calculate -8 + -28 + (20 - (14 + 1)).
-31
Calculate (-1 - -3) + (13 - 7) - 9 - -27.
26
-21 + (2 + -10 + 10 - -2)
-17
10 - 9 - -3 - -2
6
Evaluate (22 + -3 + -5 - 9) + 10.
15
What is 0 + 1 + -13 + (42 - 26)?
4
What is the value of 24 - (-9 + 20 + 0)?
13
16 - (0 - (4 - 5)) - (-6 + 7)
14
What is (15 - 10 - (5 - -1)) + -11?
-12
Evaluate -4 - (-21 + -38) - 31.
24
11 + -5 + (-9 - 7) + 30
20
What is the value of -1 - 3 - (0 + (-5 + -1 - -3))?
-1
Evaluate (0 - 0) + -3 + -7 + 3 + 4.
-3
Calculate -7 - 0 - (-166 + 166).
-7
Calculate (-18 - -17) + 10 + 19.
28
What is the value of (-9 - 0) + 66 + -52?
5
Evaluate (14 - (16 - 8)) + (-11 - 0).
-5
What is 8 + 4 - 4 - 14?
-6
What is (0 - 27 - (-109 - -96)) + 22?
8
-17 - (218 - 226 - (-6 + 0 - -1))
-14
Evaluate 0 + -2 + (-25 - (11 + -24)).
-14
Evaluate 8 + -3 - (-10 + 0 + -3 + 14).
4
What is (15 - 30) + 40 + -46?
-21
-42 + 29 + -17 + 7
-23
What is the value of 5 - 2 - (10 + (-14 - -1) - -4)?
2
What is the value of -83 + 39 + -1 + 22?
-23
What is -17 + -7 + 27 + (-6 + 3 - -2)?
2
Calculate (-30 - 5 - -5) + (-18 - -7 - -14).
-27
What is 7 + 341 + -330 + -15 + 1?
4
Evaluate -12 + 7 + -15 + (2 - -2).
-16
(2 - 4 - (1 - -4)) + -3
-10
-15 + 30 - 20 - 10
-15
What is the value of -15 - -8 - ((7 - 3) + -33)?
22
6 + (8 - (-5 + 2) - 7) + -1
9
Evaluate -19 + 20 - (0 + 12).
-11
Evaluate (39 - -5) + -19 + 14.
39
(7 - (-6 + 1)) + (-4 - (-2 - -2))
8
Evaluate 22 - (0 - (-12 - 0)) - (-5 - 1).
16
Calculate 22 + (20 - 14) + -20.
8
What is -17 + (0 - (0 - (0 - -9)))?
-8
(15 - 0) + (-153 - -139)
1
Evaluate -3 - (-4 + (3 - 11) + 4) - -18.
23
What is (-7 - -31) + -14 + 2?
12
-10 + -3 + -7 - -20
0
What is the value of 5 - ((8 - 7 - 3) + 3)?
4
Calculate 0 - (0 - -4) - (-238 + 102 + 143).
-11
(6 - 21) + 6 + -6 + 13
-2
Evaluate (6 - 7 - -13) + -13.
-1
Evaluate -4 + (-5 - -6) + -149 + 153.
1
What is (-2 - -8) + -40 - (-34 + 26)?
-26
Calculate (8 - 1) + (3 - 8 - (-52 + 38)).
16
What is -8 + 3 - (-6 - 1)?
2
Calculate 8 + (7 - 16) - 17 - 5.
-23
Calculate -60 - (-52 - 16) - (-1 - -1 - -38).
-30
Evaluate -10 - (3 + -2 + -14).
3
Calculate 54 + -45 + -11 + -3.
-5
-4 + 1 + -83 + 111
25
What is (0 - 19) + (26 - 89 - -68)?
-14
Evaluate 0 + 3 + (2 - (6 - 6)) + -6.
-1
What is (-12 - 0) + 24 + -26 + 10?
-4
What is the value of 3 + (3 - 4) - (-8 + -10) - 8?
12
What is the value of (-8 + -4 - -10) + -14?
-16
What is -2 + 19 + 0 + -23 + -18 + 37?
13
Evaluate 22 - (32 - (-7 - -27)).
10
What is -1486 - -1466 - (1 + -9)?
-12
-21 + 61 + -14 + -44
-18
What is (6 - 0 - ((-26 - -30) + 2)) + 13?
13
What is -8 + -2 + -2 + 5?
-7
Calculate 2 + 0 + (13 - (8 - 10)).
17
What is -18 - ((3 - -2) + (-3 - 4))?
-16
Calculate (-21 - (18 - 17)) + 18.
-4
What is 2 - (-4 + 18 + 2 + (44 - 45))?
-13
What is the value of (224 + -222 - (1 + -6)) + -7?
0
(3 + -4 - 5 - -3) + -77 + 85
5
What is -26 + 16 + (-15 - -12)?
-13
Calculate -2 + 11 - (-72 - -79).
2
9 - 19 - -40 - 13
17
Calculate 7 + (-1 - 2 - 2 - (49 + -56)).
9
Calculate -6 - (9 - 3 - 15).
3
1 + 4 + -7 + (-5 + 3 - -6)
2
Evaluate 0 - 0 - (-1 - (-13 - -2 - -9)).
-1
Evaluate -8 - (17 + (-13 + 7 - 5) - 0).
-14
Calculate 1 - 2 - (1768 + -1754).
-15
Evaluate (-3 - -2 - 2) + (22 - 9 - 6).
4
-9 - -1 - -14 - ((0 - 3) + 20)
-11
7 + -3 + (702 - 703)
3
What is (8 - (-16 - -3)) + (8 - 4)?
25
3 - 1 - (3 + 1 + 1) - 3
-6
Calculate 11 - (37 + (-16 - -20)).
-30
Calculate 1 + -6 + (21 - -7 - -9) + -4.
28
What is 2 - (5 + 7 + (5 - (23 - 6)))?
2
What is the value of -6 - ((16 - -34) + -30)?
-26
Evaluate -2152 - -2162 - ((2 - 1) + 3) - 38.
-32
What is -215 - -218 - (2 + 0 - -9)?
-8
(43 - 56) + 42 - (1 - -15)
13
What is 16 + -2 - (11 + (-24 + 8 - -7))?
12
Evaluate -1 + (5 - -1) + -426 + 408.
-13
What is the value of -4 + 2 + (1 + 0 - (-19 - -18))?
0
What is the value of 15 + (-7 - ((-17 - -5) + 2))?
18
What is (0 - 4) + 6 - (6 + -1)?
-3
What is the value of (0 - (5 + (-10 - -6) + 0)) + 27?
26
Evaluate 24 + -19 - 6 - (-6 + -2).
7
What is 315 - 302 - (1 + 18)?
-6
Evaluate 4 + 2 + (-5 - (7 + -15)).
9
-10 + (38 - 2) + -2 + -8
16
What is the value of 21 + (-26 - (-1 + 2)) + 15?
9
Evaluate 2 + (3 - (0 + 4 + (-15 - -8))).
8
Evaluate 16 - 25 - (1 - -4).
-14
What is the value of (-1 - (-12 + 5 + 12)) + 11?
5
Calculate -4 + 4 + 8 + 5 + -9 + -6.
-2
What is the value of (15 - 1) + -311 + 285?
-12
What is the value of -2 + 11 - 7 - -11 - 27?
-14
What is 5 - (13 + -17) - 13?
-4
Calculate 12 + -5 + -13 - (-21 + 6).
9
What is 0 + 25 + 1 + 537 + -545?
18
Calculate (2 - (-1 - -4) - 4) + 1 - -7.
3
2 + -3 + 11 - (-22 - (-8 - 11))
13
What is (4 + -31 - -41) + 13?
27
-27 + -2 + 3 - (9 - (-5 - -22))
-18
Evaluate -3 - (-9 + 8 + -4 + -5).
7
What is the value of -37 + -9 + 31 - -1?
-14
What is -5 + (-1 - 1) + 13 + 4 + -2?
8
Evaluate (-16 - (3 - 14)) + -7.
-12
Evaluate 16 + (6 + -17 - 13).
-8
Calculate 5 + (15 - (6 + 28)).
-14
Calculate -23 + 73 + -21 - 38.
-9
What is 42 + (0 - 6) - 20?
16
-4 + 10 + -45 + 27
-12
(22 - 4 - 16) + 11
13
Evaluate 8 - (19 + -14 + 3).
0
What is the value of (0 - (17 + -9 + -3)) + 19?
14
What is 25 - (-23 - -11 - -52)?
-15
Evaluate 2 + -1 + 8 + 1 + -20.
-10
What is the value of 4 + -8 + (-5 - (1 - 11)) - 23?
-22
Calculate -8 + (-15 - (-23 - (-11 - 0))).
-11
Evaluate 22 - 46 - (6 + -1 - 1).
-28
What is 1 + 2 + 42 + -38 + 2?
9
Evaluate -11 + (37 - 14) - (-4 + 2).
14
Evaluate 0 + -4 + (489 - 473).
12
What is 1 - (36 + 0 + -44)?
9
Calculate 1 + 4 - (9 - (6 - 1)).
1
4 + 8 + -111 + 88
-11
Evaluate (-5 - -14 - 2) + 33 + -16.
24
What is the value of 51 + -80 + (24 - 12)?
-17
Calculate -27 + 6 - (21 + -30).
-12
Calculate 5 + (-28 - -15) - -18.
10
Calculate -7 - (-1 - -1) - (57 + -24 + -36).
-4
-16 + (47 - (-16 + 33))
14
What is -22 + (36 + -11 - 8)?
-5
9 + (8 + -5 + -5 - 24)
-17
Evaluate -21 - -3 - (35 + -71).
18
What is -1 - -35 - (-70 - -54 - (-5 - 15))?
30
Evaluate 11 - (-6 + -28) - 86.
-41
Calculate (-12 - -7 - 1) + 52 + -35.
11
Calculate -22 - (-1 + -4 + -16).
-1
Evaluate 5 + -1 + (-29 - -48) + -22.
1
36 + -68 + 34 - (-3 - (-14 + 1))
-8
Evaluate (-33 - -24) + (8 - 4 - -7).
2
What is -31 - -28 - -4 - 15?
-14
Calculate (-19 - (-4 - -3)) + -24 + 36.
-6
5 + (-8 - -11) + -9
-1
What is the value of -20 - (-16 - 22 - -20)?
-2
(-5 - -10) + (0 - 7)
-2
11 - 0 - (-3 - -6)
8
What is the value of 7 + 26 - (21 + -26 + 1 + 5)?
32
What is 9 + (-12 - (6 - 15))?
6
What is 11 + -5 + -7 + -6 - 7?
-14
Evaluate (1 - (-10 + -2 + -13)) + -4.
22
Calculate -7 + 6 - -7 - (34 + -12 - 7).
-9
What is 11 - 7 - (7 - 19)?
16
What is the value of 1 + (2 - -2) - (17 + (8 - 10))?
-10
Calculate (-6 - (-2 + 13 + 3)) + 6.
-14
Evaluate (-28 - (29 + -68)) + (1 - 1).
11
Calculate 13 + -1 + -48 + 26 - (9 - 1).
-18
(-20 - -17 - -26) + -11
12
Evaluate -5 + (8 - 8) + -2 + -3.
-10
What is the value of (-36 - 2 - 0) + 13 + 7 + -13?
-31
(-8 - (-16 + -1)) + -25
-16
Calculate (-22 + 9 - -11) + -8.
-10
What is (14 + 7 - 39) + 17?
-1
1 + -6 + (-1 - -1) + 0 - 7
-12
Evaluate 7 - (5 - -2) - (3 - 1) - 15.
-17
What is the value of -13 + (-3 - 7 - -17)?
-6
Calculate 2 + 4 + (0 - 14).
-8
What is the value of 3 - (3 + 4 - ((13 - 11) + 9))?
7
What is the value of -1 + -25 - (-325 + 352 - (0 - -26))?
-27
What is 2 + (-14 - 1 - (24 + 2 - 21))?
-18
1 - 62 - (1556 + -1582)
-35
Calculate -31 + -2 + (0 - 3 - (3 + -15)).
-24
-4 - ((3 - (1 + 1)) + (5 - 12))
2
What is 34 - (-34 + 26 + 35)?
7
What is the value of 11 + -9 + 13 + -13 + -4 + 9?
7
What is the value of 61 - ((-4 - -36) + 5)?
24
24 + (3 + -5 + -2 - 4) + -6
10
Calculate -1 + -7 + (-174 - -177).
-5
Evaluate 5 + 2 + (7 - (7 + -8)) + -3.
12
Evaluate -25 + -5 + 11 - (-7 + 0).
-12
What is the value of -10 + 39 + -1 - 45?
-17
Calculate 0 + -3 - (2 - (9 - 3)) - -5.
6
What is the value of -2 + 0 + (-43 - ((4 - 29) + 0))?
-20
What is the value of -29 - (-3 - (9 + (-13 - -14)))?
-16
Calculate 7 - ((34 - 66) + 19).
20
What is 2 + (-1 - 4) + (31 - (16 + 5))?
7
Evaluate 5 + 2 + (-8 - (8 + -14)).
5
What is 8 - ((-3 - -11 - 11) + (-17 - 0))?
28
Evaluate 35 - (5 - ((13 - 17) + -4)).
22
Calculate -11 - (-21 - -13) - (-16 + -4).
17
Calculate 0 - ((20 + -7 - 0) + -6).
-7
Evaluate 3 + -17 + (-12 - -20).
-6
Calculate -2 + 4 + (2 + -4 - -10).
10
What is 13 - (1 - 3) - (225 - 224)?
14
What is the value of 13 + -7 + 